of 380944 and 22504?
232
What is the highest common factor of 330096 and 102648?
312
What is the greatest common divisor of 409098765 and 30?
15
What is the highest common factor of 427253 and 10057?
113
Calculate the greatest common factor of 15789645 and 10170.
45
What is the highest common divisor of 228727111 and 3496?
437
What is the highest common divisor of 83729090 and 1880?
470
Calculate the greatest common divisor of 6904619 and 19.
19
Calculate the greatest common divisor of 20084600 and 800.
200
What is the greatest common divisor of 202539181 and 181?
181
What is the greatest common divisor of 133 and 742?
7
What is the highest common factor of 400392 and 25730?
166
What is the greatest common divisor of 113347531 and 55?
11
What is the greatest common divisor of 11466 and 3180294?
234
Calculate the greatest common factor of 21126 and 36141.
21
What is the highest common factor of 10685 and 45065?
5
Calculate the greatest common divisor of 4404887 and 205173.
2533
Calculate the highest common divisor of 903 and 567833.
7
Calculate the greatest common factor of 182 and 6623792.
14
Calculate the highest common divisor of 104 and 9781967.
13
What is the greatest common divisor of 45713196 and 21156?
492
Calculate the greatest common factor of 5791033 and 68.
17
What is the greatest common factor of 1795313522 and 2218?
2218
Calculate the greatest common factor of 51281652 and 3321.
123
Calculate the greatest common divisor of 92072 and 20536.
136
Calculate the highest common factor of 25 and 4870435.
5
Calculate the highest common divisor of 134894973 and 183.
183
What is the greatest common divisor of 5 and 54725325?
5
What is the highest common divisor of 280193 and 28937?
19
Calculate the greatest common factor of 329679 and 63.
63
Calculate the greatest common factor of 107 and 4601321.
107
Calculate the highest common factor of 437 and 2827896.
23
What is the greatest common factor of 3039386 and 1246?
14
Calculate the greatest common divisor of 145926 and 2479.
67
What is the greatest common divisor of 86 and 50606442?
86
Calculate the highest common divisor of 193347 and 688541.
217
What is the highest common factor of 5533602102 and 2051?
2051
What is the greatest common divisor of 342560 and 61808?
16
What is the highest common factor of 4840 and 112432595?
605
Calculate the highest common factor of 1280 and 4264928.
32
Calculate the greatest common divisor of 108499382 and 40914.
4546
What is the greatest common factor of 45400 and 1463469?
227
What is the highest common factor of 55601 and 6825?
91
Calculate the highest common divisor of 5577 and 331677203.
1859
What is the greatest common factor of 181344 and 21312?
96
Calculate the highest common divisor of 279444 and 313142.
58
What is the highest common divisor of 40624 and 20096?
16
What is the highest common factor of 114 and 16145516?
38
What is the highest common divisor of 122482 and 123986?
94
Calculate the highest common divisor of 540008 and 32.
8
What is the greatest common factor of 413 and 6797213?
59
Calculate the highest common factor of 6955437 and 35184.
2199
Calculate the greatest common factor of 630436 and 7556.
4
Calculate the greatest common divisor of 727900 and 5188100.
2900
Calculate the greatest common divisor of 17409480 and 588.
12
What is the highest common divisor of 357720391 and 133?
133
Calculate the greatest common factor of 888945 and 360.
15
What is the greatest common factor of 436 and 2458?
2
Calculate the greatest common divisor of 738065954 and 302.
302
Calculate the greatest common divisor of 6806868 and 1122444.
6564
Calculate the highest common factor of 23671868 and 11.
11
Calculate the greatest common factor of 60284165 and 12505.
305
Calculate the highest common divisor of 2467654 and 3276.
14
Calculate the highest common factor of 3287294 and 809726.
3226
What is the highest common divisor of 22463345 and 7726?
3863
Calculate the highest common factor of 258667 and 21127.
37
Calculate the highest common divisor of 249125 and 376677.
1993
Calculate the greatest common divisor of 284739 and 1775931.
447
Calculate the greatest common factor of 1329 and 29959647.
1329
What is the highest common divisor of 1506 and 940563766?
502
What is the highest common divisor of 18324 and 3948804?
36
What is the highest common divisor of 45 and 3242235?
15
What is the greatest common divisor of 223 and 23524493?
223
What is the highest common divisor of 310065 and 675?
15
What is the greatest common divisor of 1720 and 268220?
20
What is the highest common divisor of 32895000 and 340?
340
Calculate the highest common factor of 1001 and 7414561.
77
What is the greatest common factor of 282 and 374046?
6
Calculate the greatest common divisor of 378 and 840826.
14
Calculate the greatest common divisor of 3113 and 1196129.
11
Calculate the highest common divisor of 11260 and 116810.
10
What is the highest common factor of 3100195 and 23230?
505
Calculate the highest common divisor of 31328 and 1837138.
178
What is the greatest common divisor of 14563607 and 74?
37
Calculate the greatest common divisor of 2859036546 and 444.
222
Calculate the highest common divisor of 1 and 121754824.
1
What is the highest common divisor of 47617 and 120785?
17
What is the greatest common divisor of 185847 and 327?
3
Calculate the highest common factor of 92 and 21689966.
46
What is the greatest common divisor of 3504 and 19786504?
584
What is the greatest common factor of 210 and 8709240?
30
Calculate the highest common divisor of 314 and 18392079.
157
Calculate the highest common factor of 11802 and 9478.
14
What is the highest common factor of 8808036 and 36?
12
What is the highest common factor of 585369 and 66339?
9
Calculate the highest common divisor of 332310574 and 4358.
4358
Calculate the highest common divisor of 50 and 13101350.
50
Calculate the greatest common factor of 4526 and 275590.
62
Calculate the highest common divisor of 5142384 and 2184.
312
Calculate the highest common factor of 5457 and 20752104.
51
What is the greatest common divisor of 573440 and 9620?
20
Calculate the greatest common factor of 84448 and 9195088.
3248
What is the greatest common divisor of 5586 and 1439858?
266
What is the highest common factor of 10266643 and 4923?
547
Calculate the greatest common factor of 4077 and 1017287.
151
Calculate the highest common factor of 1027848 and 1528664.
904
What is the greatest common factor of 2 and 143644?
2
Calculate the highest common divisor of 451 and 460471.
451
Calculate the greatest common factor of 4752 and 76131.
99
Calculate the greatest common factor of 276 and 277477704.
276
Calculate the highest common factor of 191770 and 5128260.
1270
What is the greatest common factor of 245065 and 1058?
23
What is the highest common factor of 3565806 and 266?
38
Calculate the greatest common factor of 5575131 and 2898.
207
What is the highest common divisor of 192 and 9921000?
24
What is the greatest common factor of 15111875 and 25?
25
What is the highest common factor of 111648081 and 3096?
129
What is the greatest common divisor of 9975 and 197771?
133
What is the highest common factor of 1348 and 9966775?
337
Calculate the greatest common divisor of 780 and 1800190.
10
Calculate the highest common divisor of 222164866 and 7084.
3542
Calculate the highest common divisor of 8729799 and 260.
13
What is the highest common factor of 712 and 72076739?
89
Calculate the greatest common factor of 10468522 and 2752.
86
Calculate the highest common divisor of 59388 and 653772.
84
What is the greatest common divisor of 27393678 and 167?
167
What is the highest common factor of 599258784 and 696?
696
What is the highest common divisor of 8643256 and 2320?
8
What is the greatest common divisor of 446961 and 26841?
1167
What is the highest common factor of 29496880 and 560?
560
What is the highest common factor of 70994 and 16104?
22
Calculate the greatest common factor of 403125 and 27440625.
9375
Calculate the greatest common divisor of 716236560 and 3105.
3105
Calculate the greatest common factor of 2659782 and 84.
6
Calculate the greatest common divisor of 228125 and 105850.
1825
Calculate the greatest common divisor of 398610 and 305